{"id":1682,"date":"2021-10-17T14:33:47","date_gmt":"2021-10-17T17:33:47","guid":{"rendered":"http:\/\/www.lia-sinfin.org\/?page_id=1682"},"modified":"2021-11-15T13:51:33","modified_gmt":"2021-11-15T16:51:33","slug":"former-phd-students","status":"publish","type":"page","link":"http:\/\/www.irp-sinfin.org\/?page_id=1682","title":{"rendered":"Former PhD Students"},"content":{"rendered":"\n<p>On this page we list the PhD Students that had prepeare their thesis under INFINIS and SINFIN.<\/p>\n\n\n\n<h2 class=\"wp-block-heading\">2020<\/h2>\n\n\n\n<p><strong>Pablo Barenbaum<\/strong><br>Subject: Lambda calculus<br>Thesis title: Dynamic semantics of calculi with explicit substitutions at a distance<br><em>Facultad de Ciencias Exactas y Naturales. Universidad de Buenos Aires.&nbsp; CONICET doctoral fellowship<\/em> <br>Date of defense: November 20, 2020<br>Advisors:&nbsp;Eduardo Bonelli &amp; Delia Kesner<br>Current employment situation (updated 2021):&nbsp; CONICET Assistant Researcher, starting 2022. <\/p>\n\n\n\n<p><strong>Andr\u00e9s Ezequiel Viso<\/strong><br>Subject: Lambda calculus<br>Thesis title: Un estudio sem\u00e1ntico sobre extensiones avanzadas del \u03bb-c\u00e1lculo: patrones y operadores de control.<br><em>Facultad de Ciencias Exactas y Naturales. Universidad de Buenos Aires.&nbsp; CONICET doctoral fellowship<\/em> <br>Date of defense: July 22, 2020<br>Advisors:&nbsp;Eduardo Bonelli &amp; Delia Kesner<br>Current employment situation (updated 2021):&nbsp; Postdoc at Software Heritage, France. <\/p>\n\n\n\n<p><strong>Nina Pardal<\/strong><br>Subject: Graph theory<br>Thesis title: Structural characterization of some problems on circle and interval graphs.&nbsp;<br><em>Facultad de Ciencias Exactas y Naturales, Universidad de Buenos Aires &#8211; LIPN, Universit\u00e9 Sorbonne Paris Nord. CONICET doctoral fellowship.<\/em><br>Date of defense: March 30, 2020<br>Advisors:&nbsp;Guillermo Dur\u00e1n &amp; Mario Valencia-Pabon.&nbsp;<br>Current employment situation (updated 2021):&nbsp; CONICET Postdoctoral fellow.<\/p>\n\n\n\n<h2 class=\"wp-block-heading\">2018<\/h2>\n\n\n\n<p><strong>Pablo Rotondo<\/strong><br>Subject:&nbsp; Number Theory, Probability and Word Combinatorics<br>Thesis title: Probabilistic studies in Number Theory and Word Combinatorics: instances of dynamical analysis<br><em>Universit\u00e9 de Paris (IRIF), Universidad de la Rep\u00fablica (Uruguay), and GREYC (Caen). Founded by ANR Dyna3S<\/em><br>Date of defense: September 27, 2018<br>Advisors:&nbsp;Val\u00e9rie Berth\u00e9, Alfredo Viola et Brigitte Vall\u00e9e<br>Current employment situation (updated 2021):&nbsp; Ma\u00eetre de conf\u00e9rences en informatique at Universit\u00e9 Gustave Eiffel (LIGM).<\/p>\n\n\n\n<h2 class=\"wp-block-heading\">2017<\/h2>\n\n\n\n<p><strong>Nicol\u00e1s Alvarez<\/strong><br>Subject:&nbsp; Randomness for infinite sequences<br>Thesis title: Finite state randomness<br><em>Universidad Nacional del Sur. CONICET doctoral fellowship<\/em><br>Date of defense: November 6, 2017<br>Advisors:&nbsp;Ver\u00f3nica Becher &amp; Pablo Fillottrani<br>Current employment situation (updated 2021):&nbsp; CONICET Assistant Researcher, starting 2022. <\/p>\n\n\n\n<p><strong>Gabriel Senno<\/strong><br>Subject: Quantum computing<br>Thesis title: &nbsp;A computer-theoretical outlook on foundations of quantum information<br><em>Facultad de Ciencias Exactas y Naturales. Universidad de Buenos Aires.&nbsp; CONICET doctoral fellowship<\/em><br>Date of defense: April 27, 2017<br>Advisors: Santiago Figueira &amp; Ariel Bendersky<br>Current employment situation (updated 2021): Postdoc at ICFO, Barcelona, Spain.<\/p>\n\n\n\n<p><strong>Sergio Abriola<\/strong><br>Subject: Logic and computability theory<br>Thesis title: Model theory, proof theory, and computational aspects of logics for reasoning on data trees<br><em>Facultad de Ciencias Exactas y Naturales. Universidad de Buenos Aires.&nbsp; CONICET doctoral fellowship<\/em><br>Date of defense: March 31, 2017<br>Advisor: Santiago Figueira<br>Current employment situation (updated 2021): CONICET Assistant Researcher and JTP at UBA.<\/p>\n\n\n\n<h2 class=\"wp-block-heading\">2014<\/h2>\n\n\n\n<p><strong>Carlos Lombardi<\/strong><br>Subject: Lambda calculus<br>Thesis title: Espaces de r\u00e9ductions dans les syst\u00e8mes de r\u00e9\u00e9criture non-s\u00e9quentiels et les syst\u00e8mes de r\u00e9\u00e9criture infinitaires<br><em>Facultad de Ciencias Exactas y Naturales. Universidad de Buenos Aires &amp; Universit\u00e9 Paris-Diderot<\/em><br>Date of defense: November 7, 2014<br>Advisors: Alejandro R\u00edos &amp; Delia Kesner<br>Current employment situation (updated 2021): Professor at UNaHur and Senior Developer at Mediatica S.p.A. <\/p>\n\n\n\n<p><strong>Pablo Ariel Heiber<\/strong><br>Subject:&nbsp; Randomness for infinite sequences<br>Thesis title:&nbsp; A computational perspective on normal numbers<br><em>Facultad de Ciencias Exactas y Naturales. Universidad de Buenos Aires.&nbsp; CONICET doctoral fellowship<\/em><br>Date of defense: March 17, 2014<br>Advisor: Ver\u00f3nica Becher<br>Current employment situation (updated 2021):&nbsp; Google, Research, California, USA.<\/p>\n","protected":false},"excerpt":{"rendered":"<p>On this page we list the PhD Students that had prepeare their thesis under INFINIS and SINFIN. 2020 Pablo BarenbaumSubject: Lambda calculusThesis title: Dynamic semantics of calculi with explicit substitutions at a distanceFacultad de Ciencias Exactas y Naturales. Universidad de Buenos Aires.&nbsp; CONICET doctoral fellowship Date of defense: November 20, 2020Advisors:&nbsp;Eduardo Bonelli &amp; Delia KesnerCurrent &hellip; <a href=\"http:\/\/www.irp-sinfin.org\/?page_id=1682\" class=\"more-link\">Continue reading <span class=\"screen-reader-text\">Former PhD Students<\/span><\/a><\/p>\n","protected":false},"author":2,"featured_media":0,"parent":0,"menu_order":0,"comment_status":"closed","ping_status":"closed","template":"","meta":{"footnotes":""},"class_list":["post-1682","page","type-page","status-publish","hentry"],"_links":{"self":[{"href":"http:\/\/www.irp-sinfin.org\/index.php?rest_route=\/wp\/v2\/pages\/1682","targetHints":{"allow":["GET"]}}],"collection":[{"href":"http:\/\/www.irp-sinfin.org\/index.php?rest_route=\/wp\/v2\/pages"}],"about":[{"href":"http:\/\/www.irp-sinfin.org\/index.php?rest_route=\/wp\/v2\/types\/page"}],"author":[{"embeddable":true,"href":"http:\/\/www.irp-sinfin.org\/index.php?rest_route=\/wp\/v2\/users\/2"}],"replies":[{"embeddable":true,"href":"http:\/\/www.irp-sinfin.org\/index.php?rest_route=%2Fwp%2Fv2%2Fcomments&post=1682"}],"version-history":[{"count":11,"href":"http:\/\/www.irp-sinfin.org\/index.php?rest_route=\/wp\/v2\/pages\/1682\/revisions"}],"predecessor-version":[{"id":1704,"href":"http:\/\/www.irp-sinfin.org\/index.php?rest_route=\/wp\/v2\/pages\/1682\/revisions\/1704"}],"wp:attachment":[{"href":"http:\/\/www.irp-sinfin.org\/index.php?rest_route=%2Fwp%2Fv2%2Fmedia&parent=1682"}],"curies":[{"name":"wp","href":"https:\/\/api.w.org\/{rel}","templated":true}]}}